 + 1. Let t be i(2). Calculate the greatest common factor of t and y.
9
Let a be (-6)/14 - (-9690)/119. What is the highest common divisor of a and 108?
27
Suppose 2*d - 5*a - 11 = -3, 12 = 3*d + a. Suppose u - 20 = -d*u. Suppose -3*v = v + u*z - 44, 4*z = 4*v - 76. What is the greatest common divisor of 105 and v?
15
Let v be (4/4 - 13)/(-1). Calculate the greatest common divisor of v and 36.
12
Let u = 33 + -20. Let y(v) = -v**3 + 12*v**2 - 9*v - 2. Let s be y(11). Let f be 105/4 - 5/s. What is the highest common divisor of u and f?
13
Suppose -p + 20 = 2*u, -2*p + 3*u + 34 = 5*u. Suppose 2 + p = 2*m. Let q be 44*(-1 - (-1 - 2)). Calculate the highest common divisor of m and q.
8
Let s(j) = 0*j - 3*j**2 + 23*j**3 + 5*j**2 - j. Let r be s(1). Suppose 6*v = 285 + 3. What is the greatest common divisor of r and v?
24
Let q(k) = -5*k**2 + 29*k + 4. Let g be q(5). What is the greatest common factor of 60 and g?
12
Let z be -1 - (-1 + 4/4). Let u = z + 4. Calculate the highest common divisor of 12 and u.
3
Let v(q) = 9*q**3 + q**2 - 8*q + 6. Let g be v(3). Calculate the highest common factor of 26 and g.
26
Let n(p) = -p + 6. Let r be n(4). Let m = r - -10. What is the highest common factor of 4 and m?
4
Let w = 13 - 9. Suppose 4*l - 40 = -4*p, -4*l + 85 = -w*p + 21. Calculate the greatest common factor of 117 and l.
13
Let p(d) = d**2 - 9*d + 8. Let q be p(9). What is the highest common factor of q and 72?
8
Suppose -2*i = -36 - 4. What is the highest common factor of 180 and i?
20
Let p(t) be the third derivative of -t**4/6 - t**3/3 + 2*t**2. Let a be p(-5). Let l be 45/(-4)*-2*2. Calculate the highest common divisor of a and l.
9
Suppose 116 = 2*k - k + 4*h, -2*k = 5*h - 226. What is the greatest common factor of 12 and k?
12
Let d = -19 - -54. What is the highest common factor of d and 14?
7
Let h be 2/4 - 3890/(-20). Suppose h = 4*y + y. Suppose -2*u - 4*z = -1 - 25, -3*u = -3*z - 39. Calculate the greatest common divisor of y and u.
13
Let o = 25 + -13. Let h = -9 + o. Suppose 0*s - 4*i = -h*s + 272, 0 = 4*s + i - 331. What is the highest common divisor of s and 12?
12
Let j(m) = -4*m - 12. Let n be j(-6). What is the greatest common factor of n and 30?
6
Suppose -80 = -4*y + 3*y. Let n be (20/25)/((-4)/(-50)). What is the greatest common divisor of n and y?
10
Let c = 9 - 13. Let z = -2 - c. Let y(x) = 2*x**2 + x - 2. Let t be y(z). What is the greatest common divisor of t and 72?
8
Let w = -13 - -23. Suppose -4*v + f + 23 = 0, -5*v - f + 17 = -v. Calculate the greatest common divisor of v and w.
5
Suppose 0 = 2*y - 1 - 11. Let z = y - -29. Let a be 4/(-14) + (-200)/(-14). What is the greatest common factor of a and z?
7
Let l(m) = m**3 + 10*m**2 - 10*m + 17. Let c be l(-10). What is the highest common divisor of c and 13?
13
Let r = -5 - -10. Suppose -c + a = -62, 4*c - 3*c + r*a = 92. Suppose -4*n + 47 = -2*n + 5*h, 2*n = -h + c. What is the highest common factor of 90 and n?
18
Let w = 16 + -14. What is the highest common factor of w and 4?
2
Let y = 25 - 13. What is the highest common factor of y and 30?
6
Suppose -9 = -r + 4*r. Let s be r/(-1) + (-8 - -8). Calculate the greatest common divisor of s and 3.
3
Let l be (-2 - -2)/(4 + -2). Suppose -t + 70 = -l*t. Suppose -312 = -2*y - t. Calculate the highest common factor of y and 11.
11
Suppose 0 = -5*b - 14 + 39. Let d = -7 + 17. Calculate the greatest common divisor of b and d.
5
Suppose -u + 15 + 357 = 0. Suppose -u = -4*v + 184. Suppose 5*x = 146 + v. Calculate the highest common factor of 38 and x.
19
Let m be 221/2 + 3/(-6). What is the highest common divisor of m and 10?
10
Suppose -2*n = -11*n + 414. Calculate the greatest common factor of 46 and n.
46
Let x = 309 - 57. What is the highest common factor of 21 and x?
21
Let a = -128 - -146. Suppose -2*c = 5*j - 54, 0 = -2*c - 3*j + 72 - 18. What is the highest common divisor of c and a?
9
Let a be 32/3 - (-6)/(-9). Let g = a + 2. Let p = g - 6. What is the greatest common factor of 12 and p?
6
Let u(y) = y. Let k be u(6). Suppose -3*h = -2*h - k. Calculate the highest common factor of 42 and h.
6
Let t = 11 + -8. Suppose 3*v + 4*c + 6 = 2*v, t*v - 3 = -5*c. What is the greatest common factor of v and 15?
3
Let o = -20 + 32. What is the greatest common divisor of o and 6?
6
Let l be (11/2)/(2/4). Suppose -k + 66 = k. What is the greatest common divisor of k and l?
11
Let h be (1/((-1)/(-14)))/(0 - -2). What is the greatest common factor of h and 35?
7
Let z be (-2520)/27*(-12)/10. Calculate the highest common factor of z and 16.
16
Let n be 0/((-1)/(2 + -1)). Suppose n = -4*q - 3*a + 115, 2*a + 44 - 179 = -5*q. Calculate the highest common factor of q and 25.
25
Let o(v) = -v**3 - 2*v**2 - 2*v + 1. Let d be o(-2). Suppose -d*b = -139 + 19. Calculate the highest common factor of 8 and b.
8
Suppose 0 = -3*n - 3 + 18. Calculate the greatest common divisor of 15 and n.
5
Let s be 1/2*(-8)/(-4). Let i(p) = p**3 - 15*p**2 + 14*p + 4. Let g be i(14). What is the highest common factor of g and s?
1
Let c be (-2480)/(-65) + 2/(-13). What is the greatest common divisor of 19 and c?
19
Suppose 6*v - v = 4*z - 43, 5*z - 2*v = 58. Let a be 12*(-2)/(-4)*1. Calculate the highest common divisor of z and a.
6
Let s = -17 - -15. Let t = s + 29. What is the greatest common factor of 27 and t?
27
Let r(i) = -22*i + 4. Let s be r(-1). What is the highest common divisor of s and 13?
13
Suppose 3*k = -2*x + 17, -5*k + 7 = -5*x + 3*x. Let m be (-75)/(-20) + (-3)/4. Calculate the greatest common divisor of m and k.
3
Suppose -3*c - 116 = -2*k, 0 = 2*k - c + 5*c - 88. Let n(w) = 12*w**2 + w. Let u = 2 - 1. Let p be n(u). What is the highest common factor of k and p?
13
Suppose -2*s = -5*x - 88, -s - 4*s + 5*x + 220 = 0. What is the highest common factor of s and 11?
11
Let o be (0 + (1 - 4))*-3. Calculate the greatest common factor of o and 9.
9
Let m = 7 - 3. What is the greatest common factor of m and 28?
4
Let d = -14 - -17. Let g be d/(4/((-40)/(-3))). What is the highest common divisor of g and 20?
10
Let c = 132 + -56. Calculate the greatest common factor of 19 and c.
19
Let k(c) = -c**3 + 8*c**2 - 4*c - 1. Let t be k(3). Let s = t - 15. Suppose -2*n - y + 3 = 0, y + s = n + 2*n. Calculate the greatest common factor of n and 44.
4
Let l(m) = m**3 + 4*m**2 - 10*m - 14. Let s be l(-5). What is the highest common divisor of s and 44?
11
Suppose q = 3*q + 5*w + 13, -3*q = -4*w - 15. Let b be 24/4 + (2 - q). Calculate the greatest common factor of 35 and b.
7
Let x = 14 + 2. Let u = 61 - 43. Suppose 6*v + 4*b + x = 2*v, 3*v - 3*b = u. Calculate the highest common factor of 1 and v.
1
Let y(s) = 3*s**2 - 12*s + 33. Let a be y(11). Calculate the greatest common factor of 33 and a.
33
Suppose 6*f = -2*i + 2*f - 2, -i = f + 2. Let a be -1*(-1)/i*-9. Calculate the highest common factor of a and 3.
3
Suppose -a - 9 = 3*r - 38, -5*a + 183 = -4*r. What is the greatest common divisor of a and 14?
7
Let l(i) be the third derivative of -5*i**4/24 - 5*i**3/3 - i**2. Let z be l(-7). What is the highest common divisor of 5 and z?
5
Suppose 0 = 6*o - 5*o - 9. Calculate the highest common divisor of 18 and o.
9
Let r(s) = 8*s - 2. Let b be r(3). Let q be ((-28)/(-7))/(1/b). Calculate the greatest common factor of 11 and q.
11
Let u be (165/6 - 3) + 6/4. Suppose -101 - 45 = -3*f + 5*c, 0 = -2*f + c + 102. Calculate the highest common factor of u and f.
26
Let b = 87 + -73. Suppose 0 = 4*g - 2*g - 14. Calculate the highest common factor of b and g.
7
Let d be 0*(-1)/(-4) - 0. Suppose -2*w - h = -52, d = w - 5*h - 9 - 17. Calculate the greatest common divisor of w and 13.
13
Suppose -z + 2*z = 1. What is the greatest common factor of z and 11?
1
Suppose 0 = x - l - 9, l = -5*x - 3*l. Suppose 2*w - 104 = -40. Calculate the greatest common factor of w and x.
4
Let c be 0 + (0 - -1)/1. Let w be 2*((-2)/c)/(-1). Suppose -4*n + 5*z + 18 + 3 = 0, 2*n - 3 = -5*z. Calculate the greatest common factor of w and n.
4
Let a = -4 - -3. Let h = 3 - a. Suppose h*f + f = 70. What is the greatest common factor of 21 and f?
7
Suppose -3*n + 83 = 5*p, -2*n + p = -n - 25. Suppose -5*a + 106 = n. Calculate the greatest common divisor of 144 and a.
16
Let o be (8 - 5)*((-164)/(-6) - 0). Calc